{"id":4565,"date":"2026-04-23T12:51:57","date_gmt":"2026-04-23T12:51:57","guid":{"rendered":"https:\/\/galaxy.al\/?page_id=4565"},"modified":"2026-04-23T14:07:08","modified_gmt":"2026-04-23T14:07:08","slug":"eric-favre-2","status":"publish","type":"page","link":"https:\/\/galaxy.al\/?page_id=4565","title":{"rendered":"Eric Favre"},"content":{"rendered":"<div class=\"wpb-content-wrapper\"><div class=\"vc_row wpb_row vc_row-fluid\"><div class=\"\"  ><div class=\"wpb_column vc_column_container vc_col-sm-12\"><div class=\"vc_column-inner  \"><div class=\"wpb_wrapper\">\n\t<div  class=\"wpb_single_image wpb_content_element vc_align_center wpb_content_element\">\n\t\t\n\t\t<figure class=\"wpb_wrapper vc_figure\">\n\t\t\t<div class=\"vc_single_image-wrapper   vc_box_border_grey\"><img loading=\"lazy\" decoding=\"async\" width=\"300\" height=\"169\" src=\"https:\/\/galaxy.al\/wp-content\/uploads\/2026\/04\/Eric-favre-300x169.png\" class=\"vc_single_image-img attachment-medium\" alt=\"\" title=\"Eric favre\" srcset=\"https:\/\/galaxy.al\/wp-content\/uploads\/2026\/04\/Eric-favre-300x169.png 300w, https:\/\/galaxy.al\/wp-content\/uploads\/2026\/04\/Eric-favre-1024x576.png 1024w, https:\/\/galaxy.al\/wp-content\/uploads\/2026\/04\/Eric-favre-768x432.png 768w, https:\/\/galaxy.al\/wp-content\/uploads\/2026\/04\/Eric-favre-18x10.png 18w, https:\/\/galaxy.al\/wp-content\/uploads\/2026\/04\/Eric-favre.png 1280w\" sizes=\"auto, (max-width: 300px) 100vw, 300px\" \/><\/div>\n\t\t<\/figure>\n\t<\/div>\n<div class=\"vc_separator wpb_content_element vc_separator_align_center vc_sep_width_100 vc_sep_border_width_4 vc_sep_pos_align_center vc_separator_no_text vc_sep_color_blue wpb_content_element  wpb_content_element\" ><span class=\"vc_sep_holder vc_sep_holder_l\"><span class=\"vc_sep_line\"><\/span><\/span><span class=\"vc_sep_holder vc_sep_holder_r\"><span class=\"vc_sep_line\"><\/span><\/span>\n<\/div><\/div><\/div><\/div><\/div><\/div><div class=\"vc_row wpb_row vc_row-fluid\"><div id=at-cases-69f029180e5ff  class=\"at-cases-wrapper col_3\"><div class=\"at-cases-main\"><div class=\"at-cases-item grid-cases all eric-favre\"><div class=\"at-cases clearfix\"><div class=\"at-cases-details\"><img decoding=\"async\" class=\"\" src=\"https:\/\/galaxy.al\/wp-content\/uploads\/2026\/04\/Eric-favre-vegan-cokollat-750x450.png\" width=\"750\" height=\"450\" alt=\"Eric favre vegan cokollat\" title=\"Eric favre vegan cokollat\" loading=\"lazy\" \/><div class=\"at-cases-content\"><span class=\"title\">Protein Vegan Choc Nois 500 gr<\/span><span class=\"categories\"> Eric Favre<\/span><\/div><a href=\"https:\/\/galaxy.al\/?post_type=cases&p=4572\"><\/a><\/div><\/div><\/div><div class=\"at-cases-item grid-cases all eric-favre\"><div class=\"at-cases clearfix\"><div class=\"at-cases-details\"><img decoding=\"async\" class=\"\" src=\"https:\/\/galaxy.al\/wp-content\/uploads\/2026\/04\/Eric-favre-vegan-vanilje-750x450.png\" width=\"750\" height=\"450\" alt=\"Eric favre vegan vanilje\" title=\"Eric favre vegan vanilje\" loading=\"lazy\" \/><div class=\"at-cases-content\"><span class=\"title\">Proteine Vegan Vanille 500 gr<\/span><span class=\"categories\"> Eric Favre<\/span><\/div><a href=\"https:\/\/galaxy.al\/?post_type=cases&p=4578\"><\/a><\/div><\/div><\/div><\/div><\/div>\t\t\t<script type=\"text\/javascript\">\r\n\t\t\t\tjQuery(window).on('load',function($){\r\n\t\t\t\t\tvar $container = jQuery(\"#at-cases-69f029180e5ff .at-cases-main\");\r\n\t\t\t\t\tvar originLeft = true;\r\n\t\t\t\t\tif( jQuery('body').hasClass('rtl') ) {\r\n\t\t\t\t\t\toriginLeft = false;\r\n\t\t\t\t\t}\r\n\t\t\t\t\t$container.isotope({\r\n\t\t\t\t\t\tlayoutMode: 'fitRows',\r\n\t\t\t\t\t\titemSelector: '.at-cases-item',\r\n\t\t\t\t\t\ttransitionDuration: '0.8s',\r\n\t\t\t\t\t\tisOriginLeft: originLeft\r\n\t\t\t\t\t});\r\n\t\t\t\t\tjQuery('#at-cases-69f029180e5ff .at-cases-filter a').on('click', function ($) {\r\n\t\t\t\t\t\t\tjQuery(this).closest('ul').find('li a.selected').removeClass('selected');\r\n\t\t\t\t\t\t\tjQuery(this).addClass('selected');\r\n\t\t\t\t\t\t\tvar sort = jQuery(this).attr('href');\r\n\t\t\t\t\t\t\tsort = sort.substring(1);\r\n\t\t\t\t\t\t\t$container.isotope({\r\n\t\t\t\t\t\t\t\tfilter: '.' + sort\r\n\t\t\t\t\t\t\t});\r\n\t\t\t\t\t\t\treturn false;\r\n\t\t\t\t\t});\r\n\t\t\t\t});\r\n\t\t\t<\/script>\r\n\t\t\t<div class=\"\"  ><div class=\"wpb_column vc_column_container vc_col-sm-12\"><div class=\"vc_column-inner  \"><div class=\"wpb_wrapper\"><\/div><\/div><\/div><\/div><\/div><div class=\"vc_row wpb_row vc_row-fluid\"><div class=\"\"  ><div class=\"wpb_column vc_column_container vc_col-sm-12\"><div class=\"vc_column-inner  \"><div class=\"wpb_wrapper\"><div class=\"vc_separator wpb_content_element vc_separator_align_center vc_sep_width_100 vc_sep_border_width_4 vc_sep_pos_align_center vc_separator_no_text vc_sep_color_blue wpb_content_element  wpb_content_element\" ><span class=\"vc_sep_holder vc_sep_holder_l\"><span class=\"vc_sep_line\"><\/span><\/span><span class=\"vc_sep_holder vc_sep_holder_r\"><span class=\"vc_sep_line\"><\/span><\/span>\n<\/div><\/div><\/div><\/div><\/div><\/div>\n<\/div>","protected":false},"excerpt":{"rendered":"T\u00eb p\u00ebrb\u00ebra nga 3 burime proteinash: bizele, oriz dhe spirulina e titruar n\u00eb klorofil. Proteinat Vegane rekomandohen si pjes\u00eb e nj\u00eb programi p\u00ebr mir\u00ebmbajtjen e muskujve. Rekomandohet gjithashtu p\u00ebr t\u00eb gjith\u00eb njer\u00ebzit q\u00eb nuk konsumojn\u00eb mjaftuesh\u00ebm proteina ose q\u00eb kan\u00eb nj\u00eb nevoj\u00eb t\u00eb shtuar p\u00ebr proteina (vegjetarian\u00eb, atlet\u00eb, etj.). Proteina Vegane p\u00ebrmban 80% proteina q\u00eb [...]","protected":false},"author":1,"featured_media":4564,"parent":138,"menu_order":0,"comment_status":"closed","ping_status":"closed","template":"","meta":{"_themeisle_gutenberg_block_has_review":false,"footnotes":""},"class_list":["post-4565","page","type-page","status-publish","has-post-thumbnail","hentry"],"jetpack_sharing_enabled":true,"_links":{"self":[{"href":"https:\/\/galaxy.al\/index.php?rest_route=\/wp\/v2\/pages\/4565","targetHints":{"allow":["GET"]}}],"collection":[{"href":"https:\/\/galaxy.al\/index.php?rest_route=\/wp\/v2\/pages"}],"about":[{"href":"https:\/\/galaxy.al\/index.php?rest_route=\/wp\/v2\/types\/page"}],"author":[{"embeddable":true,"href":"https:\/\/galaxy.al\/index.php?rest_route=\/wp\/v2\/users\/1"}],"replies":[{"embeddable":true,"href":"https:\/\/galaxy.al\/index.php?rest_route=%2Fwp%2Fv2%2Fcomments&post=4565"}],"version-history":[{"count":7,"href":"https:\/\/galaxy.al\/index.php?rest_route=\/wp\/v2\/pages\/4565\/revisions"}],"predecessor-version":[{"id":4576,"href":"https:\/\/galaxy.al\/index.php?rest_route=\/wp\/v2\/pages\/4565\/revisions\/4576"}],"up":[{"embeddable":true,"href":"https:\/\/galaxy.al\/index.php?rest_route=\/wp\/v2\/pages\/138"}],"wp:featuredmedia":[{"embeddable":true,"href":"https:\/\/galaxy.al\/index.php?rest_route=\/wp\/v2\/media\/4564"}],"wp:attachment":[{"href":"https:\/\/galaxy.al\/index.php?rest_route=%2Fwp%2Fv2%2Fmedia&parent=4565"}],"curies":[{"name":"wp","href":"https:\/\/api.w.org\/{rel}","templated":true}]}}