{"id":290,"date":"2024-08-30T09:57:28","date_gmt":"2024-08-30T09:57:28","guid":{"rendered":"https:\/\/galaxy.al\/?page_id=290"},"modified":"2025-03-20T10:13:47","modified_gmt":"2025-03-20T10:13:47","slug":"multi-gyn","status":"publish","type":"page","link":"https:\/\/galaxy.al\/?page_id=290","title":{"rendered":"Multi-Gyn"},"content":{"rendered":"<div class=\"wpb-content-wrapper\"><div class=\"vc_row wpb_row vc_row-fluid\"><div class=\"\"  ><div class=\"wpb_column vc_column_container vc_col-sm-12\"><div class=\"vc_column-inner  \"><div class=\"wpb_wrapper\">\n\t<div  class=\"wpb_single_image wpb_content_element vc_align_center wpb_content_element\">\n\t\t\n\t\t<figure class=\"wpb_wrapper vc_figure\">\n\t\t\t<div class=\"vc_single_image-wrapper   vc_box_border_grey\"><img loading=\"lazy\" decoding=\"async\" width=\"300\" height=\"169\" src=\"https:\/\/galaxy.al\/wp-content\/uploads\/2024\/09\/multi-gyn.png-300x169.jpg\" class=\"vc_single_image-img attachment-medium\" alt=\"\" title=\"multi-gyn.png\" srcset=\"https:\/\/galaxy.al\/wp-content\/uploads\/2024\/09\/multi-gyn.png-300x169.jpg 300w, https:\/\/galaxy.al\/wp-content\/uploads\/2024\/09\/multi-gyn.png-1024x576.jpg 1024w, https:\/\/galaxy.al\/wp-content\/uploads\/2024\/09\/multi-gyn.png-768x432.jpg 768w, https:\/\/galaxy.al\/wp-content\/uploads\/2024\/09\/multi-gyn.png-18x10.jpg 18w, https:\/\/galaxy.al\/wp-content\/uploads\/2024\/09\/multi-gyn.png.jpg 1280w\" sizes=\"auto, (max-width: 300px) 100vw, 300px\" \/><\/div>\n\t\t<\/figure>\n\t<\/div>\n<\/div><\/div><\/div><\/div><\/div><div class=\"vc_row wpb_row vc_row-fluid\"><div class=\"\"  ><div class=\"wpb_column vc_column_container vc_col-sm-12\"><div class=\"vc_column-inner  \"><div class=\"wpb_wrapper\"><div class=\"vc_separator wpb_content_element vc_separator_align_center vc_sep_width_100 vc_sep_border_width_4 vc_sep_pos_align_center vc_separator_no_text vc_sep_color_blue wpb_content_element  wpb_content_element\" ><span class=\"vc_sep_holder vc_sep_holder_l\"><span class=\"vc_sep_line\"><\/span><\/span><span class=\"vc_sep_holder vc_sep_holder_r\"><span class=\"vc_sep_line\"><\/span><\/span>\n<\/div><\/div><\/div><\/div><\/div><\/div><div class=\"vc_row wpb_row vc_row-fluid\"><div id=at-cases-69f4ac46a4ae8  class=\"at-cases-wrapper col_\"><div class=\"at-cases-main\"><div class=\"at-cases-item grid-cases all multi-gyn\"><div class=\"at-cases clearfix\"><div class=\"at-cases-details\"><img decoding=\"async\" class=\"\" src=\"https:\/\/galaxy.al\/wp-content\/uploads\/2024\/09\/Multi-Gyn-Actigel-750x450.png\" width=\"750\" height=\"450\" alt=\"Multi-Gyn Actigel\" title=\"Multi-Gyn Actigel\" loading=\"lazy\" \/><div class=\"at-cases-content\"><span class=\"title\">Multi-Gyn Actigel<\/span><span class=\"categories\"> Multi-Gyn<\/span><\/div><a href=\"https:\/\/galaxy.al\/?post_type=cases&p=812\"><\/a><\/div><\/div><\/div><div class=\"at-cases-item grid-cases all multi-gyn\"><div class=\"at-cases clearfix\"><div class=\"at-cases-details\"><img decoding=\"async\" class=\"\" src=\"https:\/\/galaxy.al\/wp-content\/uploads\/2024\/09\/MULTI-GYN-FemiWash-1-750x450.png\" width=\"750\" height=\"450\" alt=\"MULTI-GYN FemiWash\" title=\"MULTI-GYN FemiWash\" loading=\"lazy\" \/><div class=\"at-cases-content\"><span class=\"title\">MULTI-GYN FemiWash<\/span><span class=\"categories\"> Multi-Gyn<\/span><\/div><a href=\"https:\/\/galaxy.al\/?post_type=cases&p=814\"><\/a><\/div><\/div><\/div><div class=\"at-cases-item grid-cases all multi-gyn\"><div class=\"at-cases clearfix\"><div class=\"at-cases-details\"><img decoding=\"async\" class=\"\" src=\"https:\/\/galaxy.al\/wp-content\/uploads\/2024\/09\/Multi-Gyn-Flora-plus-750x450.png\" width=\"750\" height=\"450\" alt=\"Multi-Gyn Flora plus\" title=\"Multi-Gyn Flora plus\" loading=\"lazy\" \/><div class=\"at-cases-content\"><span class=\"title\">Multi-Gyn Flora plus<\/span><span class=\"categories\"> Multi-Gyn<\/span><\/div><a href=\"https:\/\/galaxy.al\/?post_type=cases&p=809\"><\/a><\/div><\/div><\/div><div class=\"at-cases-item grid-cases all multi-gyn\"><div class=\"at-cases clearfix\"><div class=\"at-cases-details\"><img decoding=\"async\" class=\"\" src=\"https:\/\/galaxy.al\/wp-content\/uploads\/2024\/08\/Multi-Gyn-Vaginal-douch-tab-1-750x450.png\" width=\"750\" height=\"450\" alt=\"Multi-Gyn Vaginal douch + tab\" title=\"Multi-Gyn Vaginal douch + tab\" loading=\"lazy\" \/><div class=\"at-cases-content\"><span class=\"title\">Multi-Gyn Vaginal douch + tab<\/span><span class=\"categories\"> Multi-Gyn<\/span><\/div><a href=\"https:\/\/galaxy.al\/?post_type=cases&p=297\"><\/a><\/div><\/div><\/div><\/div><\/div>\t\t\t<script type=\"text\/javascript\">\r\n\t\t\t\tjQuery(window).on('load',function($){\r\n\t\t\t\t\tvar $container = jQuery(\"#at-cases-69f4ac46a4ae8 .at-cases-main\");\r\n\t\t\t\t\tvar originLeft = true;\r\n\t\t\t\t\tif( jQuery('body').hasClass('rtl') ) {\r\n\t\t\t\t\t\toriginLeft = false;\r\n\t\t\t\t\t}\r\n\t\t\t\t\t$container.isotope({\r\n\t\t\t\t\t\tlayoutMode: 'fitRows',\r\n\t\t\t\t\t\titemSelector: '.at-cases-item',\r\n\t\t\t\t\t\ttransitionDuration: '0.8s',\r\n\t\t\t\t\t\tisOriginLeft: originLeft\r\n\t\t\t\t\t});\r\n\t\t\t\t\tjQuery('#at-cases-69f4ac46a4ae8 .at-cases-filter a').on('click', function ($) {\r\n\t\t\t\t\t\t\tjQuery(this).closest('ul').find('li a.selected').removeClass('selected');\r\n\t\t\t\t\t\t\tjQuery(this).addClass('selected');\r\n\t\t\t\t\t\t\tvar sort = jQuery(this).attr('href');\r\n\t\t\t\t\t\t\tsort = sort.substring(1);\r\n\t\t\t\t\t\t\t$container.isotope({\r\n\t\t\t\t\t\t\t\tfilter: '.' + sort\r\n\t\t\t\t\t\t\t});\r\n\t\t\t\t\t\t\treturn false;\r\n\t\t\t\t\t});\r\n\t\t\t\t});\r\n\t\t\t<\/script>\r\n\t\t\t<div class=\"\"  ><div class=\"wpb_column vc_column_container vc_col-sm-12\"><div class=\"vc_column-inner  \"><div class=\"wpb_wrapper\"><\/div><\/div><\/div><\/div><\/div><div class=\"vc_row wpb_row vc_row-fluid\"><div class=\"\"  ><div class=\"wpb_column vc_column_container vc_col-sm-12\"><div class=\"vc_column-inner  \"><div class=\"wpb_wrapper\"><div class=\"vc_separator wpb_content_element vc_separator_align_center vc_sep_width_100 vc_sep_border_width_4 vc_sep_pos_align_center vc_separator_no_text vc_sep_color_blue wpb_content_element  wpb_content_element\" ><span class=\"vc_sep_holder vc_sep_holder_l\"><span class=\"vc_sep_line\"><\/span><\/span><span class=\"vc_sep_holder vc_sep_holder_r\"><span class=\"vc_sep_line\"><\/span><\/span>\n<\/div><\/div><\/div><\/div><\/div><\/div><div class=\"vc_row wpb_row vc_row-fluid\"><div class=\"\"  ><div class=\"wpb_column vc_column_container vc_col-sm-12\"><div class=\"vc_column-inner  \"><div class=\"wpb_wrapper\"><style>.vc_btn3-style-gradient.vc_btn-gradient-btn-69f4ac46a670f:hover{color: #fff;background-color: #5472d2;border: none;background-position: 100% 0;}<\/style><style>.vc_btn3-style-gradient.vc_btn-gradient-btn-69f4ac46a670f{color: #fff;border: none;background-color: #00c1cf;background-image: -webkit-linear-gradient(left, #00c1cf 0%, #5472d2 50%,#00c1cf 100%);background-image: linear-gradient(to right, #00c1cf 0%, #5472d2 50%,#00c1cf 100%);-webkit-transition: all .2s ease-in-out;transition: all .2s ease-in-out;background-size: 200% 100%;}<\/style><div class=\"vc_btn3-container vc_btn3-center vc_do_btn\" ><a data-vc-gradient-1=\"#00c1cf\" data-vc-gradient-2=\"#5472d2\" class=\"vc_general vc_btn3 vc_btn3-size-md vc_btn3-shape-square vc_btn3-style-gradient vc_btn-gradient-btn-69f4ac46a670f\" href=\"https:\/\/www.karohealthcare.com\/\" title=\"Visit Multi_Gyn\" target=\"_blank\">Visit Multi-Gyn<\/a><\/div><\/div><\/div><\/div><\/div><\/div>\n<\/div>","protected":false},"excerpt":{"rendered":"P\u00ebrb\u00ebr\u00ebsit aktiv\u00eb t\u00eb\u00a0 Multi-Gyn Vaginal Tablets: pluhur kompleks-2QR (p\u00ebrb\u00ebr\u00ebs i purifikuar i patentuar i ekstraktit t\u00eb gjethes s\u00eb Aloe barbadensis), laktoz\u00eb, acid citrik, bikarbonat natriumi, acid laktik, acid askorbik. Multi-Gyn Vaginal Douche &amp; Tablets \u00ebsht\u00eb ideal p\u00ebr higjen\u00ebn e p\u00ebrgjithshme vaginale ose p\u00ebr p\u00ebrkujdesje intensive n\u00eb raste t\u00eb sekrecioneve t\u00eb shumta apo me arom\u00eb t\u00eb [...]","protected":false},"author":1,"featured_media":0,"parent":138,"menu_order":0,"comment_status":"closed","ping_status":"closed","template":"","meta":{"_themeisle_gutenberg_block_has_review":false,"footnotes":""},"class_list":["post-290","page","type-page","status-publish","hentry"],"jetpack_sharing_enabled":true,"_links":{"self":[{"href":"https:\/\/galaxy.al\/index.php?rest_route=\/wp\/v2\/pages\/290","targetHints":{"allow":["GET"]}}],"collection":[{"href":"https:\/\/galaxy.al\/index.php?rest_route=\/wp\/v2\/pages"}],"about":[{"href":"https:\/\/galaxy.al\/index.php?rest_route=\/wp\/v2\/types\/page"}],"author":[{"embeddable":true,"href":"https:\/\/galaxy.al\/index.php?rest_route=\/wp\/v2\/users\/1"}],"replies":[{"embeddable":true,"href":"https:\/\/galaxy.al\/index.php?rest_route=%2Fwp%2Fv2%2Fcomments&post=290"}],"version-history":[{"count":5,"href":"https:\/\/galaxy.al\/index.php?rest_route=\/wp\/v2\/pages\/290\/revisions"}],"predecessor-version":[{"id":4351,"href":"https:\/\/galaxy.al\/index.php?rest_route=\/wp\/v2\/pages\/290\/revisions\/4351"}],"up":[{"embeddable":true,"href":"https:\/\/galaxy.al\/index.php?rest_route=\/wp\/v2\/pages\/138"}],"wp:attachment":[{"href":"https:\/\/galaxy.al\/index.php?rest_route=%2Fwp%2Fv2%2Fmedia&parent=290"}],"curies":[{"name":"wp","href":"https:\/\/api.w.org\/{rel}","templated":true}]}}